{"id":169,"date":"2016-11-18T21:30:34","date_gmt":"2016-11-18T20:30:34","guid":{"rendered":"http:\/\/cc.pwsz.konin.edu.pl\/?page_id=169"},"modified":"2024-11-30T12:21:26","modified_gmt":"2024-11-30T11:21:26","slug":"start-2","status":"publish","type":"page","link":"https:\/\/cc.pwsz.konin.edu.pl\/?page_id=169","title":{"rendered":"Kontakty &#038; Kontrasty 2025"},"content":{"rendered":"\n<h3><img loading=\"lazy\" decoding=\"async\" class=\"alignnone size-medium wp-image-1436\" src=\"https:\/\/cc.pwsz.konin.edu.pl\/wp-content\/uploads\/2022\/10\/Obraz1-1-300x87.png\" alt=\"\" width=\"300\" height=\"87\" srcset=\"https:\/\/cc.pwsz.konin.edu.pl\/wp-content\/uploads\/2022\/10\/Obraz1-1-300x87.png 300w, https:\/\/cc.pwsz.konin.edu.pl\/wp-content\/uploads\/2022\/10\/Obraz1-1-1024x298.png 1024w, https:\/\/cc.pwsz.konin.edu.pl\/wp-content\/uploads\/2022\/10\/Obraz1-1-768x224.png 768w, https:\/\/cc.pwsz.konin.edu.pl\/wp-content\/uploads\/2022\/10\/Obraz1-1.png 1129w\" sizes=\"auto, (max-width: 300px) 100vw, 300px\" \/><\/h3>\n<h3>\u00a0<\/h3>\n<h3 style=\"text-align: center;\"><span style=\"color: #008000;\"><strong>C&amp;C <\/strong><strong>2025<\/strong><\/span><\/h3>\n<h3 style=\"text-align: center;\"><strong><span style=\"color: #993300;\">OPINIE W J\u0118ZYKU, MEDIACH I EDUKACJI\u00a0<\/span><\/strong><\/h3>\n<h3>\u00a0<\/h3>\n<h3 style=\"text-align: center;\"><span style=\"color: #000000;\">24 \u2013 26 marca 2025<\/span><\/h3>\n<p>\u00a0<\/p>\n<h4 style=\"text-align: center;\"><strong>konferencja online<\/strong><\/h4>\n<p>\u00a0<\/p>\n<p>Katedra J\u0119zyka i Komunikacji Wydzia\u0142u Nauk Humanistycznych i Spo\u0142ecznych <strong>Akademii Nauk Stosowanych w Koninie<\/strong> zaprasza na konferencj\u0119 naukow\u0105 zainspirowan\u0105 projektem COST Action &#8222;CA21129 &#8211; What are Opinions?&#8221;.<\/p>\n<p>\u00a0<\/p>\n<p><strong>TEMATYKA KONFERENCJI<\/strong><\/p>\n<ul>\n<li>Czym s\u0105 opinie? Jakie s\u0105 ich j\u0119zykowe i niej\u0119zykowe markery\/sygna\u0142y\/wska\u017aniki? Zjawiska powi\u0105zane z opiniami oraz ich ugruntowanie teoretyczne<\/li>\n<li>Identyfikacja opinii oraz metody komputerowe<\/li>\n<li>Argumentacja oraz legitymizacja w dyskursie opiniotw\u00f3rczym<\/li>\n<li>R\u00f3\u017cnice kulturowe w wyra\u017caniu opinii<\/li>\n<li>Aspekty semantyczne, syntaktyczne, pragmatyczne i stylistyczne j\u0119zyka wyra\u017caj\u0105cego opinie<\/li>\n<li>Wyra\u017canie opinii a j\u0119zyk figuratywny<\/li>\n<li>Opinie w leksykografii i terminologii<\/li>\n<li>Opinie w mediach tradycyjnych i internetowych<\/li>\n<li>Teksty nacechowane opiniami a analiza dyskursu<\/li>\n<li>Wyra\u017canie opinii i punkt\u00f3w widzenia w edukacji i nauczaniu<\/li>\n<li>Opinia i ocena w tekstach i dyskursach specjalistycznych (prawnych, technicznych, naukowych, itd.)<\/li>\n<li>Wyra\u017canie opinii w literaturze<\/li>\n<\/ul>\n<p>J\u0119zykami konferencji s\u0105 j\u0119zyk polski, j\u0119zyk niemiecki, oraz j\u0119zyk angielski.<\/p>\n<p>\u00a0<\/p>\n<p><strong>PUBLIKACJE POKONFERENCYJNE<\/strong><\/p>\n<p>Zrecenzowane i przyj\u0119te artyku\u0142y zostan\u0105 opublikowane w tomach pokonferencyjnych przez mi\u0119dzynarodowe wydawnictwa. <strong>J\u0119zykiem publikacji jest tylko j\u0119zyk angielski.<\/strong><\/p>\n<p>\u00a0<\/p>\n<p>\u00a0<\/p>\n<p>\u00a0<\/p>\n","protected":false},"excerpt":{"rendered":"<p>\u00a0 C&amp;C 2025 OPINIE W J\u0118ZYKU, MEDIACH I EDUKACJI\u00a0 \u00a0 24 \u2013 26 marca 2025 \u00a0 konferencja online \u00a0 Katedra J\u0119zyka i Komunikacji Wydzia\u0142u Nauk Humanistycznych i Spo\u0142ecznych Akademii Nauk Stosowanych w Koninie zaprasza na konferencj\u0119 naukow\u0105 zainspirowan\u0105 projektem COST Action &#8222;CA21129 &#8211; What are Opinions?&#8221;. \u00a0 TEMATYKA KONFERENCJI Czym s\u0105 opinie? Jakie s\u0105 ich [&hellip;]<\/p>\n","protected":false},"author":1,"featured_media":0,"parent":0,"menu_order":0,"comment_status":"closed","ping_status":"closed","template":"","meta":{"footnotes":""},"class_list":["post-169","page","type-page","status-publish","hentry"],"_links":{"self":[{"href":"https:\/\/cc.pwsz.konin.edu.pl\/index.php?rest_route=\/wp\/v2\/pages\/169","targetHints":{"allow":["GET"]}}],"collection":[{"href":"https:\/\/cc.pwsz.konin.edu.pl\/index.php?rest_route=\/wp\/v2\/pages"}],"about":[{"href":"https:\/\/cc.pwsz.konin.edu.pl\/index.php?rest_route=\/wp\/v2\/types\/page"}],"author":[{"embeddable":true,"href":"https:\/\/cc.pwsz.konin.edu.pl\/index.php?rest_route=\/wp\/v2\/users\/1"}],"replies":[{"embeddable":true,"href":"https:\/\/cc.pwsz.konin.edu.pl\/index.php?rest_route=%2Fwp%2Fv2%2Fcomments&post=169"}],"version-history":[{"count":115,"href":"https:\/\/cc.pwsz.konin.edu.pl\/index.php?rest_route=\/wp\/v2\/pages\/169\/revisions"}],"predecessor-version":[{"id":1741,"href":"https:\/\/cc.pwsz.konin.edu.pl\/index.php?rest_route=\/wp\/v2\/pages\/169\/revisions\/1741"}],"wp:attachment":[{"href":"https:\/\/cc.pwsz.konin.edu.pl\/index.php?rest_route=%2Fwp%2Fv2%2Fmedia&parent=169"}],"curies":[{"name":"wp","href":"https:\/\/api.w.org\/{rel}","templated":true}]}}

<h3><img loading="lazy" decoding="async" class="alignnone size-medium wp-image-1436" src="https://cc.pwsz.konin.edu.pl/wp-content/uploads/2022/10/Obraz1-1-300x87.png" alt="" width="300" height="87" srcset="https://cc.pwsz.konin.edu.pl/wp-content/uploads/2022/10/Obraz1-1-300x87.png 300w, https://cc.pwsz.konin.edu.pl/wp-content/uploads/2022/10/Obraz1-1-1024x298.png 1024w, https://cc.pwsz.konin.edu.pl/wp-content/uploads/2022/10/Obraz1-1-768x224.png 768w, https://cc.pwsz.konin.edu.pl/wp-content/uploads/2022/10/Obraz1-1.png 1129w" sizes="auto, (max-width: 300px) 100vw, 300px" /></h3>
<h3> </h3>
<h3 style="text-align: center;"><span style="color: #008000;"><strong>C&amp;C </strong><strong>2025</strong></span></h3>
<h3 style="text-align: center;"><strong><span style="color: #993300;">OPINIE W JĘZYKU, MEDIACH I EDUKACJI </span></strong></h3>
<h3> </h3>
<h3 style="text-align: center;"><span style="color: #000000;">24 – 26 marca 2025</span></h3>
<p> </p>
<h4 style="text-align: center;"><strong>konferencja online</strong></h4>
<p> </p>
<p>Katedra Języka i Komunikacji Wydziału Nauk Humanistycznych i Społecznych <strong>Akademii Nauk Stosowanych w Koninie</strong> zaprasza na konferencję naukową zainspirowaną projektem COST Action &#8222;CA21129 &#8211; What are Opinions?&#8221;.</p>
<p> </p>
<p><strong>TEMATYKA KONFERENCJI</strong></p>
<ul>
<li>Czym są opinie? Jakie są ich językowe i niejęzykowe markery/sygnały/wskaźniki? Zjawiska powiązane z opiniami oraz ich ugruntowanie teoretyczne</li>
<li>Identyfikacja opinii oraz metody komputerowe</li>
<li>Argumentacja oraz legitymizacja w dyskursie opiniotwórczym</li>
<li>Różnice kulturowe w wyrażaniu opinii</li>
<li>Aspekty semantyczne, syntaktyczne, pragmatyczne i stylistyczne języka wyrażającego opinie</li>
<li>Wyrażanie opinii a język figuratywny</li>
<li>Opinie w leksykografii i terminologii</li>
<li>Opinie w mediach tradycyjnych i internetowych</li>
<li>Teksty nacechowane opiniami a analiza dyskursu</li>
<li>Wyrażanie opinii i punktów widzenia w edukacji i nauczaniu</li>
<li>Opinia i ocena w tekstach i dyskursach specjalistycznych (prawnych, technicznych, naukowych, itd.)</li>
<li>Wyrażanie opinii w literaturze</li>
</ul>
<p>Językami konferencji są język polski, język niemiecki, oraz język angielski.</p>
<p> </p>
<p><strong>PUBLIKACJE POKONFERENCYJNE</strong></p>
<p>Zrecenzowane i przyjęte artykuły zostaną opublikowane w tomach pokonferencyjnych przez międzynarodowe wydawnictwa. <strong>Językiem publikacji jest tylko język angielski.</strong></p>
<p> </p>
<p> </p>
<p> </p>

<p>  C&amp;C 2025 OPINIE W JĘZYKU, MEDIACH I EDUKACJI    24 – 26 marca 2025   konferencja online   Katedra Języka i Komunikacji Wydziału Nauk Humanistycznych i Społecznych Akademii Nauk Stosowanych w Koninie zaprasza na konferencję naukową zainspirowaną projektem COST Action &#8222;CA21129 &#8211; What are Opinions?&#8221;.   TEMATYKA KONFERENCJI Czym są opinie? Jakie są ich [&hellip;]</p>
