{"id":151,"date":"2016-11-17T22:23:34","date_gmt":"2016-11-17T21:23:34","guid":{"rendered":"http:\/\/cc.pwsz.konin.edu.pl\/?page_id=151"},"modified":"2024-11-29T15:03:44","modified_gmt":"2024-11-29T14:03:44","slug":"projekt-kontakt-kontrast","status":"publish","type":"page","link":"https:\/\/cc.pwsz.konin.edu.pl\/?page_id=151","title":{"rendered":"Projekt Kontakty &#038; Kontrasty"},"content":{"rendered":"<p><span style=\"color: #000000;\">Katedra J\u0119zyka i Komunikacji Pa\u0144stwowej Wy\u017cszej Szko\u0142y Zawodowej w Koninie prowadzi badania nad tematyk\u0105, kt\u00f3ra rozwija wiedz\u0119 w dziedzinie j\u0119zyka, literatury i przek\u0142adu w kontekstach mi\u0119dzykulturowych i wewn\u0105trzkulturowych.\u00a0<\/span><\/p>\n<p><span style=\"color: #000000;\">Bierzemy udzia\u0142 w warto\u015bciowych projektach badawczych i edukacyjnych, kt\u00f3re rozwijaj\u0105 wiedz\u0119 o systemach j\u0119zykowych, szczeg\u00f3lnie w odniesieniu do j\u0119zyka angielskiego i niemieckiego, literaturze tych kultur oraz teorii i praktyce przek\u0142adu. Prowadzimy wsp\u00f3\u0142prac\u0119 zar\u00f3wno w PWSZ w Koninie jak r\u00f3wnie\u017c z uczelniami w Polsce oraz z o\u015brodkami w innych krajach (<em>Inicjatywa GetIT<\/em>).<\/span><\/p>\n<p><span style=\"color: #000000;\">Tematyka dotycz\u0105ca Kontakt\u00f3w i Kontrast\u00f3w w j\u0119zyku, literaturze dominuje w dzia\u0142alno\u015bci akademickiej Katedry. Jeste\u015bmy cz\u0119\u015bci\u0105 projekt\u00f3w mi\u0119dzynarodowych (<em>SAREP http:\/\/sarepcost.eu\/<\/em>), organizujemy systematycznie PANELOWE TEMATYCZNE (<em>Kompetencje Wsp\u00f3\u0142czesnego T\u0142umacza<\/em>) oraz KONFERENCJE (<em>Zbli\u017cenia<\/em>). W 2017 roku zainicjowali\u015bmy cykl mi\u0119dzynarodowych konferencji tematycznych Contacts &amp; Contrasts, kt\u00f3re s\u0105 organizowane cyklicznie.<\/span><\/p>\n<p style=\"text-align: center;\"><span style=\"color: #000000;\">Zapraszamy do udzia\u0142u online w najnowszej edycji mi\u0119dzynarodowej konferencji<\/span><\/p>\n<h4 style=\"text-align: center;\"><span style=\"color: #008000;\"><strong>C&amp;C <\/strong><strong>2025<\/strong><\/span><\/h4>\n<h4 style=\"text-align: center;\"><span style=\"color: #993300;\"><strong>OPINIE W J\u0118ZYKU, MEDIACH I EDUKACJI<\/strong><\/span><\/h4>\n<h4 style=\"text-align: center;\"><span style=\"color: #000000;\">24 \u2013 26 marca 2025<\/span><\/h4>\n<p style=\"text-align: justify;\">\n","protected":false},"excerpt":{"rendered":"<p>Katedra J\u0119zyka i Komunikacji Pa\u0144stwowej Wy\u017cszej Szko\u0142y Zawodowej w Koninie prowadzi badania nad tematyk\u0105, kt\u00f3ra rozwija wiedz\u0119 w dziedzinie j\u0119zyka, literatury i przek\u0142adu w kontekstach mi\u0119dzykulturowych i wewn\u0105trzkulturowych.\u00a0 Bierzemy udzia\u0142 w warto\u015bciowych projektach badawczych i edukacyjnych, kt\u00f3re rozwijaj\u0105 wiedz\u0119 o systemach j\u0119zykowych, szczeg\u00f3lnie w odniesieniu do j\u0119zyka angielskiego i niemieckiego, literaturze tych kultur oraz teorii [&hellip;]<\/p>\n","protected":false},"author":1,"featured_media":0,"parent":0,"menu_order":0,"comment_status":"closed","ping_status":"closed","template":"","meta":{"footnotes":""},"class_list":["post-151","page","type-page","status-publish","hentry"],"_links":{"self":[{"href":"https:\/\/cc.pwsz.konin.edu.pl\/index.php?rest_route=\/wp\/v2\/pages\/151","targetHints":{"allow":["GET"]}}],"collection":[{"href":"https:\/\/cc.pwsz.konin.edu.pl\/index.php?rest_route=\/wp\/v2\/pages"}],"about":[{"href":"https:\/\/cc.pwsz.konin.edu.pl\/index.php?rest_route=\/wp\/v2\/types\/page"}],"author":[{"embeddable":true,"href":"https:\/\/cc.pwsz.konin.edu.pl\/index.php?rest_route=\/wp\/v2\/users\/1"}],"replies":[{"embeddable":true,"href":"https:\/\/cc.pwsz.konin.edu.pl\/index.php?rest_route=%2Fwp%2Fv2%2Fcomments&post=151"}],"version-history":[{"count":18,"href":"https:\/\/cc.pwsz.konin.edu.pl\/index.php?rest_route=\/wp\/v2\/pages\/151\/revisions"}],"predecessor-version":[{"id":1738,"href":"https:\/\/cc.pwsz.konin.edu.pl\/index.php?rest_route=\/wp\/v2\/pages\/151\/revisions\/1738"}],"wp:attachment":[{"href":"https:\/\/cc.pwsz.konin.edu.pl\/index.php?rest_route=%2Fwp%2Fv2%2Fmedia&parent=151"}],"curies":[{"name":"wp","href":"https:\/\/api.w.org\/{rel}","templated":true}]}}

<p><span style="color: #000000;">Katedra Języka i Komunikacji Państwowej Wyższej Szkoły Zawodowej w Koninie prowadzi badania nad tematyką, która rozwija wiedzę w dziedzinie języka, literatury i przekładu w kontekstach międzykulturowych i wewnątrzkulturowych. </span></p>
<p><span style="color: #000000;">Bierzemy udział w wartościowych projektach badawczych i edukacyjnych, które rozwijają wiedzę o systemach językowych, szczególnie w odniesieniu do języka angielskiego i niemieckiego, literaturze tych kultur oraz teorii i praktyce przekładu. Prowadzimy współpracę zarówno w PWSZ w Koninie jak również z uczelniami w Polsce oraz z ośrodkami w innych krajach (<em>Inicjatywa GetIT</em>).</span></p>
<p><span style="color: #000000;">Tematyka dotycząca Kontaktów i Kontrastów w języku, literaturze dominuje w działalności akademickiej Katedry. Jesteśmy częścią projektów międzynarodowych (<em>SAREP http://sarepcost.eu/</em>), organizujemy systematycznie PANELOWE TEMATYCZNE (<em>Kompetencje Współczesnego Tłumacza</em>) oraz KONFERENCJE (<em>Zbliżenia</em>). W 2017 roku zainicjowaliśmy cykl międzynarodowych konferencji tematycznych Contacts &amp; Contrasts, które są organizowane cyklicznie.</span></p>
<p style="text-align: center;"><span style="color: #000000;">Zapraszamy do udziału online w najnowszej edycji międzynarodowej konferencji</span></p>
<h4 style="text-align: center;"><span style="color: #008000;"><strong>C&amp;C </strong><strong>2025</strong></span></h4>
<h4 style="text-align: center;"><span style="color: #993300;"><strong>OPINIE W JĘZYKU, MEDIACH I EDUKACJI</strong></span></h4>
<h4 style="text-align: center;"><span style="color: #000000;">24 – 26 marca 2025</span></h4>
<p style="text-align: justify;">

<p>Katedra Języka i Komunikacji Państwowej Wyższej Szkoły Zawodowej w Koninie prowadzi badania nad tematyką, która rozwija wiedzę w dziedzinie języka, literatury i przekładu w kontekstach międzykulturowych i wewnątrzkulturowych.  Bierzemy udział w wartościowych projektach badawczych i edukacyjnych, które rozwijają wiedzę o systemach językowych, szczególnie w odniesieniu do języka angielskiego i niemieckiego, literaturze tych kultur oraz teorii [&hellip;]</p>
